6
Calculate the remainder when 70228 is divided by 1236.
1012
Calculate the remainder when 222998 is divided by 268.
22
What is the remainder when 93742 is divided by 186?
184
Calculate the remainder when 722134 is divided by 831.
826
Calculate the remainder when 139981 is divided by 139953.
28
Calculate the remainder when 85153 is divided by 169.
146
What is the remainder when 27825 is divided by 344?
305
Calculate the remainder when 13201 is divided by 31.
26
What is the remainder when 600891 is divided by 4?
3
What is the remainder when 579 is divided by 253?
73
What is the remainder when 398008 is divided by 1284?
1252
What is the remainder when 55515 is divided by 631?
618
What is the remainder when 146506 is divided by 669?
664
Calculate the remainder when 1732 is divided by 234.
94
What is the remainder when 10320 is divided by 7?
2
What is the remainder when 375447 is divided by 31285?
27
Calculate the remainder when 9753 is divided by 55.
18
Calculate the remainder when 70378 is divided by 8797.
2
What is the remainder when 593100 is divided by 19?
15
What is the remainder when 6340 is divided by 6337?
3
Calculate the remainder when 738435 is divided by 738427.
8
Calculate the remainder when 20819 is divided by 173.
59
What is the remainder when 34088 is divided by 11?
10
Calculate the remainder when 672 is divided by 328.
16
What is the remainder when 7348 is divided by 17?
4
What is the remainder when 122461 is divided by 23?
9
Calculate the remainder when 3363 is divided by 1638.
87
What is the remainder when 62623 is divided by 335?
313
Calculate the remainder when 732873 is divided by 715.
713
Calculate the remainder when 1882 is divided by 267.
13
What is the remainder when 26063 is divided by 18?
17
Calculate the remainder when 246 is divided by 92.
62
Calculate the remainder when 44156 is divided by 428.
72
Calculate the remainder when 91276 is divided by 540.
16
Calculate the remainder when 1558 is divided by 769.
20
What is the remainder when 4411 is divided by 484?
55
Calculate the remainder when 405156 is divided by 1355.
11
What is the remainder when 59130 is divided by 629?
4
What is the remainder when 70970 is divided by 35473?
24
Calculate the remainder when 1081499 is divided by 140.
139
Calculate the remainder when 6264 is divided by 632.
576
What is the remainder when 96188 is divided by 150?
38
Calculate the remainder when 6964 is divided by 5.
4
Calculate the remainder when 38099 is divided by 254.
253
What is the remainder when 1225 is divided by 16?
9
Calculate the remainder when 20130 is divided by 17.
2
Calculate the remainder when 92071 is divided by 34.
33
What is the remainder when 4566367 is divided by 85?
82
What is the remainder when 841 is divided by 265?
46
Calculate the remainder when 16690 is divided by 52.
50
Calculate the remainder when 40509 is divided by 35.
14
Calculate the remainder when 10131 is divided by 93.
87
Calculate the remainder when 370270 is divided by 336.
334
What is the remainder when 11445 is divided by 183?
99
What is the remainder when 3393 is divided by 379?
361
What is the remainder when 81915 is divided by 111?
108
What is the remainder when 299 is divided by 233?
66
Calculate the remainder when 235818 is divided by 48.
42
What is the remainder when 39627 is divided by 32?
11
Calculate the remainder when 5358 is divided by 420.
318
What is the remainder when 302678 is divided by 470?
468
Calculate the remainder when 803 is divided by 792.
11
Calculate the remainder when 23442 is divided by 232.
10
Calculate the remainder when 250129 is divided by 250123.
6
What is the remainder when 283919 is divided by 364?
363
Calculate the remainder when 71688 is divided by 10241.
1
What is the remainder when 28556 is divided by 3172?
8
Calculate the remainder when 5715 is divided by 35.
10
What is the remainder when 32483 is divided by 613?
607
What is the remainder when 24556 is divided by 128?
108
Calculate the remainder when 92680 is divided by 18.
16
Calculate the remainder when 6920 is divided by 75.
20
What is the remainder when 1403 is divided by 415?
158
What is the remainder when 1275452 is divided by 1456?
1452
What is the remainder when 6135 is divided by 154?
129
What is the remainder when 14009 is divided by 1999?
16
What is the remainder when 386426 is divided by 35?
26
What is the remainder when 326367 is divided by 55?
52
What is the remainder when 63408 is divided by 990?
48
Calculate the remainder when 96571 is divided by 284.
11
What is the remainder when 80862 is divided by 138?
132
What is the remainder when 872555 is divided by 817?
816
Calculate the remainder when 3671 is divided by 216.
215
Calculate the remainder when 8495 is divided by 771.
14
Calculate the remainder when 148355 is divided by 58.
49
What is the remainder when 19565 is divided by 49?
14
What is the remainder when 14043 is divided by 935?
18
What is the remainder when 21647 is divided by 164?
163
What is the remainder when 1883 is divided by 284?
179
What is the remainder when 7923 is divided by 493?
35
What is the remainder when 40504 is divided by 135?
4
What is the remainder when 71402 is divided by 967?
811
What is the remainder when 201570 is divided by 14?
12
Calculate the remainder when 1899 is divided by 1877.
22
Calculate the remainder when 670 is divided by 114.
100
Calculate the remainder when 2968 is divided by 1989.
979
What is the remainder when 13983 is divided by 13957?
26
What is the remainder when 11890115 is divided by 252?
251
Calculate the remainder when 24954 is divided by 1314.
1302
Calculate the remainder when 35390 is divided by 75.
65
What is the remainder when 279298 is divided by 139645?
8
Calculate the remainder when 85812 is divided by 215.
27
Calculate the remainder when 129850 is divided by 275.
50
Calculate the remainder when 8309 is divided by 6.
5
What is the remainder when 130102 is divided by 28?
14
What is the remainder when 12512 is divided by 4164?
20
What is the remainder when 5742 is divided by 2869?
4
What is the remainder when 967327 is divided by 38?
37
Calculate the remainder when 4431 is divided by 787.
496
Calculate the remainder when 3707 is divided by 1198.
113
Calculate the remainder when 2335 is divided by 49.
32
What is the remainder when 14783 is divided by 7321?
141
What is the remainder when 1444 is divided by 90?
4
What is the remainder when 7976 is divided by 495?
56
Calculate the remainder when 75478 is divided by 10.
8
Calculate the remainder when 117559 is divided by 351.
325
What is the remainder when 57020 is divided by 14229?
104
Calculate the remainder when 6029319 is divided by 40.
39
Calculate the remainder when 62987 is divided by 29.
28
What is the remainder when 6044 is divided by 6?
2
Calculate the remainder when 3803 is divided by 99.
41
What is the remainder when 4457 is divided by 17?
3
What is the remainder when 6773 is divided by 2113?
434
Calculate the remainder when 4855 is divided by 4640.
215
Calculate the remainder when 543 is divided by 60.
3
Calculate the remainder when 1534 is divided by 1102.
432
Calculate the remainder when 2152134 is divided by 56.
54
Calculate the remainder when 5881 is divided by 107.
103
What is the remainder when 42461 is divided by 14?
13
What is the remainder when 749 is divided by 31?
5
What is the remainder when 544362 is divided by 755?
7
Calculate the remainder when 527 is divided by 129.
11
Calculate the remainder when 1795 is divided by 226.
213
Calculate the remainder when 9827 is divided by 427.
6
Calculate the remainder when 255753 is divided by 92.
85
Calculate the remainder when 7016 is divided by 1150.
116
Calculate the remainder when 33484 is divided by 33452.
32
What is the remainder when 21068 is divided by 19?
16
Calculate the remainder when 57408 is divided by 87.
75
What is the remainder when 7975 is divided by 1329?
1
What is the remainder when 11907 is divided by 26?
25
Calculate the remainder when 9635 is divided by 382.
85
What is the remainder when 28629 is divided by 4086?
27
Calculate the remainder when 8013 is divided by 7736.
277
What is the remainder when 125771 is divided by 12576?
11
What is the remainder when 53479 is divided by 53389?
90
What is the rem